 -96 - -65. Let v = 65 + k. Let m = 25 + v. What is the tens digit of m?
5
Let v(s) be the third derivative of 13*s**5/30 + 5*s**4/8 - 2*s**3 + 7*s**2 - s. What is the tens digit of v(-4)?
4
Suppose -v = 5*t - 131513, -4*v + 4885 = -t + 31196. What is the ten thousands digit of t?
2
Let z be (-1 - (-2 - 38))/(-1). Let q = z - -42. Suppose 0 = -q*m + 3*r + 2*r + 117, -2*r = -m + 39. What is the units digit of m?
9
Let z = 114 - 220. Let n = 47 + 104. Let x = n + z. What is the units digit of x?
5
Suppose 2*b - 2*z + 4 = 14, -36 = -4*b - 4*z. Let t(q) = q + 6. Let y be t(-5). Suppose f = -y, 3*g + f + 141 = b*g. What is the tens digit of g?
3
Let k = -603 - -81. Let c = 719 + k. What is the units digit of c?
7
Let u(i) = 159*i - 17. Let a(t) = t + 2. Let j(y) = -3*a(y) - u(y). What is the hundreds digit of j(-1)?
1
Let w(j) be the third derivative of -j**6/120 - 19*j**5/60 - 11*j**4/12 - 41*j**3/6 - 8*j**2 - 2*j. What is the tens digit of w(-19)?
7
Suppose -160 = 4*k - 504. Let w = -83 + k. Suppose -2*z + 4*r + 257 = w*z, -3*r = 4*z - 187. What is the units digit of z?
9
What is the hundreds digit of ((-1701)/(-135) - 13)/(4/(-416460))?
6
Let u(j) = -2331*j + 902. What is the ten thousands digit of u(-6)?
1
Suppose -3 = 2*j + 1. Let a be (-14)/j + -11 + 12. Suppose -3*n = -a*n + 350. What is the units digit of n?
0
What is the tens digit of (-72314)/(-88) + 10/40?
2
Suppose 48750 = 7*j - 5*j - 2*c, -4*c = 0. What is the hundreds digit of j?
3
Let v be 92/2 + (-15)/(-5) + -4. Suppose -116*u + 113*u - v = 0. Let z(n) = -3*n - 6. What is the units digit of z(u)?
9
Suppose -2*p + 29 + 187 = 0. Let o = 112 - p. Suppose 2*l - o = 0, 2*l = -2*n - l + 44. What is the units digit of n?
9
Let w(c) = 56*c**2 + 130*c - 693. What is the tens digit of w(30)?
0
Let q be (-3575)/(-110)*(-8)/10. What is the tens digit of 921/6 - q/52?
5
Let i be 2/3 - 2458/6. Let a be ((-1214)/(-4))/((-18)/(63 - 27)). Let s = i - a. What is the tens digit of s?
9
Let o be (-20)/(75/(-15)) - (0 - 0). What is the units digit of 2/o + 1 + (-8424)/(-16)?
8
Let s(q) = 3*q + 6. Let u be s(0). Suppose 3*z - 5 = d, -z + 8 = 4*d - u*z. Let a(p) = 4*p + 11. What is the units digit of a(d)?
9
Suppose 0*k - 3*k + 22 = -5*l, 14 = 3*k - l. What is the units digit of -6*(k/(-8) - 3)?
1
Let z = 44 - 44. Suppose -3*l + 419 + 397 = z. What is the units digit of l?
2
Let r(g) = 2*g**2 + 29*g + 24. Let t be -1*(-3)/(-9)*75. What is the units digit of r(t)?
9
Suppose -3*d + 0*d = -6. Let b be (-1172)/7*(119/(-2))/17. Suppose 0 = -2*h - 5*w + w + 308, -4*h + d*w = -b. What is the hundreds digit of h?
1
Suppose 494279 + 50172 = 230*r - 122089. What is the tens digit of r?
9
Let c(d) = 5*d**3 + 7*d. Let n(q) = -4*q**3 - 6*q. Let r(y) = 5*c(y) + 6*n(y). Let x be r(-1). What is the tens digit of (-18)/(-27) - ((-409)/3 - x)?
3
Let a(l) = 168*l - 9. Let w be a(2). Suppose -n + 3*m - w = -6*n, 0 = -2*n + 5*m + 137. What is the units digit of n?
6
Let w = 549 - 545. Let o(n) = 3 - 3*n + 2 + n**3 - 3*n**2 - 1. What is the units digit of o(w)?
8
Suppose -q - q + 22 = 2*z, -4*z = -2*q + 10. Suppose 0*p + 243 = q*p. Let w = 107 + p. What is the units digit of w?
4
Let m = 383 + -358. Suppose -10316 = -m*x - 216. What is the units digit of x?
4
Suppose -4*z = -22*z. Suppose -6*f + f + 2*v = -7114, z = 4*f + 4*v - 5680. What is the units digit of f?
2
Suppose 0 = -4*v + 4*b + 2296, -v - 192 = -4*b - 772. What is the hundreds digit of v?
5
Let a be (1 - (-2 - -3)) + 8. Suppose 3*v - 42 - 6 = 0. Suppose v*w - 592 = a*w. What is the tens digit of w?
7
Let d be 823/(-3)*15/(-5). Suppose 0 = 9*w - d + 94. What is the units digit of w?
1
What is the ten thousands digit of 249058/21 - (164/42 - 76/19)?
1
Suppose -3530 = -3*u - 4*b, 2946 = 3*u + 3*b - 588. What is the units digit of u?
2
Let q be -6 + 11 + (-1 - (0 - -1)). Suppose q*j - 172 = -5*u, 2*j - 65 = -5*u + 43. What is the tens digit of j?
6
Let h(m) = 182*m**2 - 35*m - 57. What is the thousands digit of h(-6)?
6
Suppose -x - 53304 - 12141 = -h, 2*h - 4*x = 130878. What is the tens digit of h?
5
Let k(h) be the first derivative of 2*h**3 + 11*h + 44. What is the units digit of k(-6)?
7
Let n(g) = 154*g + 0 + 5 - 162*g. Let r be n(-3). Let s = -23 + r. What is the units digit of s?
6
Suppose 0 = 2*m - 7*m - 70. Let q be 21/m + ((-1374)/(-4))/3. Let g = -40 + q. What is the units digit of g?
3
Let a(d) = 261*d - 23. Let o(b) be the first derivative of -131*b**2/2 + 12*b - 22. Let q(y) = 6*a(y) + 11*o(y). What is the hundreds digit of q(2)?
2
Let w = -70 + 70. Suppose 2*t = w, 150 = 3*u - 4*u + t. Let g = 264 + u. What is the hundreds digit of g?
1
Let g(t) = t**3 + 16*t**2 - 8*t - 65. Let v be g(-16). Suppose 0 = -5*r - 5*k - v + 253, r - 50 = -5*k. What is the tens digit of r?
3
Let j(i) be the third derivative of -i**4/12 + 53*i**3/3 - 174*i**2. What is the tens digit of j(-14)?
3
Let s(k) be the first derivative of 11*k**2/2 - 50*k - 1. Suppose 0 = 199*b - 2646 + 855. What is the units digit of s(b)?
9
What is the thousands digit of (-284)/8*-278 - (29 + -32)?
9
Suppose 0 = -2*x - 3*c + 185, -5*x - 15*c + 475 = -10*c. Let y = x - -1016. What is the units digit of y?
6
Suppose 346*a = -4*z + 343*a + 51237, 0 = 5*z + 5*a - 64040. What is the units digit of z?
3
Let n(f) = f**3 + f. Let a(g) = -g**3 + 10*g**2 - 8*g + 90. Let t(r) = -a(r) - 2*n(r). What is the units digit of t(-16)?
0
Let r(q) = -4*q**2 - 11*q - 4. Let h be r(-2). Suppose -4*p - 67*s = -69*s - 5350, 2*s = -h. What is the tens digit of p?
3
Suppose 3*m + u = 18717, -2*m + u + 24963 = 2*m. What is the tens digit of ((m/56)/10)/(3/14)?
5
Suppose -3*k + 4*h = -110715, -2*k + 4*h + 73809 = h. What is the tens digit of k?
0
Let x(p) = 7*p - 43. Let v be x(6). Let a be ((-2)/v)/(-8) - (-225)/100. Suppose -3*l - 97 = -a*s + 2*l, 3*l = -s + 76. What is the tens digit of s?
6
Let i = 102 - 108. Let c be i/(-9) - (2 + (-16)/3). Suppose -3*b - c*b = -728. What is the hundreds digit of b?
1
Suppose 7*y + 440570 = 4*y + 16*y. What is the thousands digit of y?
3
Let f(l) = 2*l - 17. Let c(v) = -v**3 - 18*v**2 + 16*v - 47. Let g be c(-19). Let d be f(g). Suppose 0 = -4*u + 39 - d. What is the units digit of u?
9
Let v(m) = m + 2. Suppose 4*o + 12 = 8. Let c be v(o). What is the units digit of c + -6 + 3 + 45?
3
Suppose 4492 = 10318*w - 10314*w. What is the units digit of w?
3
Let r(u) = 2*u**2 + 18*u + 5. Let p be (-54)/6 - (-2)/4*0. Let c be r(p). Let m = c - -96. What is the units digit of m?
1
Suppose 5*s + 4*j = 89933, -61421 = -4*s + 8*j + 10559. What is the thousands digit of s?
7
Suppose 208*j - 1444187 - 2377484 = 1851737. What is the tens digit of j?
7
Let z(y) = -y**2 - 5*y + 8. Suppose -w + 0 - 6 = 0. Let n be z(w). Suppose -6*u - 170 = -s - 7*u, -n*s = -u - 355. What is the hundreds digit of s?
1
Let u = 30983 - 13292. What is the ten thousands digit of u?
1
Suppose 32*m + 5*n = 35*m - 87701, n = -2*m + 58489. What is the hundreds digit of m?
2
Suppose z = 3*d + 30121, -4*z + 11*d + 120456 = 13*d. What is the ten thousands digit of z?
3
Suppose 4*x + 750 = -126. Let f = x + 369. Let a = f - 80. What is the units digit of a?
0
What is the hundreds digit of (6/(-18)*-114867)/(3 + -2)?
2
Let s be 3 + (1 + -1 - (2 + -31)). Let q = s - 9. Let x = -1 + q. What is the tens digit of x?
2
Suppose 695*g = 712*g - 48110. What is the units digit of g?
0
Let p = 5291 + 6317. What is the hundreds digit of p?
6
Let p be 2 - -2 - 2 - 30/(-10). What is the hundreds digit of (199*p/(-5))/(-1)?
1
Let m(o) = o**3 + 16*o**2 - 37*o - 32. Let r be m(-18). Let l(z) = -10*z**2 - 166*z + 8. What is the units digit of l(r)?
2
Let h(w) = w**3 - 587*w**2 - 9*w + 587*w**2 + 7. Let a be h(3). Suppose a = -4*f + 119. What is the units digit of f?
8
Let c(y) be the first derivative of -y**4/3 - 26*y**3/3 + 11*y**2 - 31. Let g(m) be the second derivative of c(m). What is the units digit of g(-7)?
4
Let m(y) = 37*y**2 - 2*y + 7. Let l be m(4). Let u = -397 + l. What is the units digit of u?
4
Let y(x) = -x**2 + 32*x - 66. Let u be y(30). What is the hundreds digit of -12 + 115 + (-1 - u)?
1
Let n(y) = -63*y + 119. Let v be (-24)/9*39/26. What is the units digit of n(v)?
1
Suppose 3*q - 2*r + 15 = 0, 35 - 1 = -4*q - 2*r. Let i(c) = 